mon factor of m and g.
4
Let a be 6 + 468/(-27)*-54. Let p = a - 757. What is the highest common factor of 296 and p?
37
Let o(x) = -x + 17. Let y be o(0). Suppose -9 = 2*s - s + d, -2*d = -3*s - 2. Let t be (-751)/s - (-9)/(-12). Calculate the greatest common factor of y and t.
17
Suppose 2*r = -5*f + 535 + 116, -5*f = -5*r - 665. What is the greatest common divisor of 3275 and f?
131
Suppose 0 = -3*b - 3*t + 18471, -b - 142*t = -145*t - 6153. Calculate the highest common divisor of 24 and b.
12
Let u(g) = -24*g**2 - 158*g + 86. Let f be u(-7). Let z = -3 + 91. Calculate the greatest common factor of z and f.
8
Let f(s) be the second derivative of -3*s**5/20 + 8*s**4/3 + 7*s**3/6 + 8*s**2 - 121*s - 1. Let o be f(10). What is the highest common divisor of o and 26?
26
Let g be 13/((-13)/(-59)) + 7/((-21)/18). Calculate the highest common divisor of 5141 and g.
53
Let g be 4/6*(14 + 1). Let k be 83 - (4/8 - (-1500)/120). Calculate the greatest common divisor of g and k.
10
Suppose -2*o - 3*p = -2464 - 4331, 2*o = 3*p + 6813. Calculate the highest common factor of 42 and o.
42
Suppose 767 = 2*t + 4*v + 183, 872 = 3*t + 5*v. Let q = 314 - t. Calculate the greatest common divisor of 40 and q.
10
Let g = -193 - 96. Let m = g + 667. Calculate the highest common divisor of m and 42.
42
Suppose 12 = -4*h, -87 = -3*t + 9*h - 14*h. Let g = t + 29. Let c = 85 - g. Calculate the greatest common divisor of c and 4.
2
Let h(m) = 1369*m + 8250. Let d be h(-6). Calculate the highest common factor of 13044 and d.
12
Let s be 12/30 - (1152/(-20) + 4). What is the highest common factor of s and 7344?
54
Suppose -5*n - 4*r + 3858 = 0, -9*n + 6*n + 2306 = -2*r. Calculate the greatest common factor of n and 2750.
110
Suppose 6881 = -9*p + 33764. What is the highest common factor of p and 103?
103
Suppose 12 = -4*c, -4*n + 4*c + 832 = -260. Let i = 279 - n. Calculate the highest common factor of 2 and i.
1
Let l = -57 - -217. Suppose 6*m + l = 11*m. Calculate the highest common factor of m and 176.
16
Let x be 13/(78/(-740))*(-54)/45. Calculate the highest common divisor of 4 and x.
4
Let x(v) = 4*v + 33. Let p be (6/(-9) + 7/6)*18. Let f be x(p). Let z = -48 + f. Calculate the greatest common factor of 14 and z.
7
Let f(i) = i**2 + 27*i - 122. Let x be f(-31). Suppose -x*l + 0*l = 5*b - 514, -5*b + 508 = 4*l. Calculate the greatest common factor of 26 and b.
26
Let s(l) = -1 + 8*l + 2*l + 0 - 2 + l**2. Let q be s(-9). Let x(h) = -10*h - 21. Let p be x(q). What is the greatest common factor of p and 9?
9
Let i be (6/(-7))/(6 + 39/5278*-813). What is the highest common divisor of 3 and i?
1
Suppose -5*a = -2*x + 120, a = 3*a + 4. Let v = 287 - 282. What is the greatest common factor of v and x?
5
Suppose -3*f + 3*r + 51 = 0, 0 = -4*f + 5*r - 6 + 70. Let q be (-10)/35 - 300/(-21). What is the highest common factor of q and f?
7
Suppose 9*j - 148 = 5*p + 8*j, -p = -4*j + 22. Let f be (-65611)/(-105) - 4/p. Calculate the highest common factor of f and 25.
25
Let p be 4/(-1) + (-32)/(-7) - (-9396)/609. Calculate the highest common divisor of 1944 and p.
8
Let f(y) = -75*y - 1106. Let i be f(-15). Calculate the highest common divisor of i and 8.
1
Suppose -4*u = 3*y - 0*y - 1392, -1389 = -3*y - 5*u. What is the highest common divisor of y and 1044?
36
Let n be 3/4 - 690/(-8). Suppose 7*f + n - 605 = 0. What is the highest common divisor of 407 and f?
37
Let v(y) = -y**3 + 6*y**2 - 9*y + 22. Let i be v(5). Let k be (9/(-15))/(2345/1175 - i). What is the highest common divisor of 3 and k?
3
Suppose -4*f + j = -f - 311, 515 = 5*f - j. Suppose -93*o + 25*o + 75401 = -18254 + 3487. What is the greatest common factor of f and o?
102
Suppose 2*h + 393 = 4*s - 613, 241 = s - 2*h. What is the greatest common divisor of s and 615?
15
Suppose -x + 2*z - 353 = -4*x, -3*z - 620 = -5*x. Suppose -81*g - x = -92*g. Calculate the highest common divisor of 77 and g.
11
Let n = -160 - -170. Suppose n*k - 203 + 3 = 0. Calculate the highest common factor of k and 80.
20
Let s = -230854 - -230917. Let k = 70 + -28. Calculate the greatest common factor of k and s.
21
Let f(d) = 12*d + 127. Let z be f(-10). Calculate the greatest common divisor of 637 and z.
7
Let b be (-9)/(-3)*(-13 + (-580)/(-6)). What is the highest common divisor of b and 4?
1
Let l be ((-352)/64)/(2/(-4)). Suppose -42*n - 5423 = -59*n. Calculate the highest common divisor of n and l.
11
Let i = 750 - -3350. What is the highest common divisor of 82 and i?
82
Let y be 948 + (-1 + 5)*(65/10)/(-13). What is the greatest common divisor of 198 and y?
22
Let m(v) be the second derivative of -v**5/20 + 5*v**4/6 - 5*v**3/6 + 7*v**2/2 + 72*v. Let l be m(7). What is the greatest common factor of 7 and l?
7
Let c be 4*(-2 - (-228)/16). Let s = c + -45. Suppose 1 = s*z - 63. Calculate the greatest common divisor of z and 64.
16
Let f be (-26)/(-8)*(13 + -5). Suppose -2*u + f = -34. Suppose -c + 25 = -2*d, -5*c - 2*d + 4792 = 4727. Calculate the highest common factor of u and c.
15
Let w(m) = 17*m**2 + 27*m - 29. Let t be w(1). Let x = -52 - -97. Calculate the highest common divisor of t and x.
15
Let q be 3/(-4)*(-11)/((-22)/(-504)). Let a = -1823 + 1832. What is the highest common factor of a and q?
9
Let v = 201 + -71. Let i = v + 78. What is the highest common divisor of 16 and i?
16
Let r(p) = p**2 + p - 6. Let o be r(-4). Suppose -4*j + 9 = -5*t, 3*j = t + 4*j. Let l be (10/(-45))/(t/9)*33. What is the highest common factor of o and l?
6
Let y(l) = -l**3 + 27*l**2 - 6*l - 650. Let f be y(25). What is the highest common factor of f and 36?
18
Suppose 2*c + 2*m + 702 = -c, -3*c - 711 = 5*m. Let h = 384 + c. What is the greatest common divisor of 8 and h?
8
Let j be (-148)/(-1258) + (-200)/(-34). Suppose 0 = 3*y + 5*m - 212, -y = -9*m + j*m - 80. What is the highest common divisor of 296 and y?
74
Let d(q) = 14*q - 113. Let t = 295 - 286. Let x be d(t). What is the greatest common divisor of 559 and x?
13
Let r = 3311 + -2983. Calculate the greatest common divisor of r and 287.
41
Suppose 36 + 34 = b. Suppose 10 - b = -2*z. Calculate the highest common divisor of 10 and z.
10
Suppose 0 = p + l - 281, 885 = -470*p + 473*p - 3*l. What is the highest common factor of 5112 and p?
72
Let u(a) = 41*a + 956. Let n be u(7). Calculate the greatest common divisor of n and 339.
113
Let a(j) = 4*j - 15. Let k = -46 + 50. Let v be a(k). Let o be 6/(24/28) - 0. What is the highest common factor of o and v?
1
Suppose -3*i = 2*s + 15, -3*s + 7*s - i = -23. Let a be ((-60)/14)/(s - (-415)/70). Calculate the greatest common divisor of 300 and a.
60
Let n be 18 + -2 + 1 + 2. Suppose -n*x + 16*x = -9. Suppose -4*s = 3*h - 16, -7*h + 23 = -x*h + 5*s. Calculate the greatest common factor of h and 42.
6
Let h be -1*(12 - 980 - -4). What is the greatest common factor of h and 12?
4
Suppose 4*y = 313 - 13. Let h = y + 13. Suppose -2*g + 3*b + 428 = 0, 876 = 4*g - 2*b + b. Calculate the greatest common divisor of h and g.
44
Let t be 22/((-308)/(-11410)) - -2. Calculate the greatest common factor of 731 and t.
43
Let z = -10054 - -10796. Calculate the highest common factor of 182 and z.
14
Let u(p) = 5*p**2 + 26*p + 123. Let d be u(-4). Let k be ((-1)/4)/(6/(-264)). What is the greatest common divisor of k and d?
11
Suppose 25*i = 24*i + 6. Suppose i*h - 19 + 7 = 0. Calculate the greatest common divisor of h and 4.
2
Let y(v) = -113*v**2 - 1026*v + 12. Let n be y(-9). What is the greatest common divisor of n and 4805?
31
Let s = -2318 + 2348. Suppose -3*j + 3*f = 2*j - 252, 2*f - 40 = -j. What is the greatest common divisor of j and s?
6
Let v(h) = h**3 + 7*h**2 - 4*h + 8. Let p be v(-7). Let n = 8540 + -8480. What is the highest common factor of p and n?
12
Suppose -2*a - a - 449 = -5*j, 0 = 2*j - 2. Let v = a + 152. What is the greatest common factor of 7 and v?
1
Let t be (-8)/(-28) + 346/14. Suppose -9 - 11 = -4*j. Let z be ((-4 - -27) + j)*(-50)/(-8). What is the highest common factor of t and z?
25
Let r be -411*12/(-27) + (-14)/21. Calculate the highest common factor of 572 and r.
26
Suppose -14*p + 17*p = l - 1593, 0 = -2*l - 2*p + 3226. What is the greatest common divisor of 1809 and l?
201
Let k(w) = -4*w**3 - 201*w**2 + 103*w - 71. Let o be k(-